h, 5*i - 43 = -h + 243. Suppose 20 = -3*k + 4*k. Calculate the remainder when i is divided by k.
18
Let x = 69 + -58. Calculate the remainder when x is divided by 8.
3
Suppose 0 = -5*d - 5*o + 995, -d - 393 = -3*d - 3*o. What is the remainder when d is divided by 41?
40
Suppose 608 = 2*v - 4*o, -2*v - 3*o - 149 = -750. What is the remainder when v is divided by 51?
47
Let b be (-1)/1*(30/2 - -2). Let w = b + 33. What is the remainder when 29 is divided by w?
13
Let z be (-8)/3*270/(-12). Let i be ((-165)/z)/((-2)/8). Let s = 33 - i. What is the remainder when s is divided by 6?
4
Let l(q) = 44*q**2 + 1. What is the remainder when l(-1) is divided by 23?
22
Let w(x) = -x**3 - x**2 + 2*x + 3. Suppose 2*l - 8*l = 12. What is the remainder when 15 is divided by w(l)?
0
Let c be -137 - 2/((-3)/(-3)). Let o = -82 - c. Calculate the remainder when o is divided by 29.
28
Let c(f) be the second derivative of f**3/6 + 3*f**2 + f. Let t = 50 - 41. What is the remainder when c(t) is divided by 9?
6
Let g(j) = 3*j. Suppose 3*b = -o + 4*b + 27, 2*o - 5*b - 45 = 0. Let p = -19 + o. What is the remainder when g(p) is divided by 9?
6
Let j(f) = -3*f**2 - 16*f - 5. Suppose -3*v = 3*k - 93, -5*k + v = 4*v - 151. Calculate the remainder when k is divided by j(-4).
7
Let b = 111 + -35. Suppose -16 = 5*l - b. Suppose -57 = -3*p + 81. What is the remainder when p is divided by l?
10
Suppose 888 = 60*n - 612. What is the remainder when 218 is divided by n?
18
Let o = -63 + 68. Suppose -5*u = 3*k - o*k + 9, 2*u = 10. Calculate the remainder when 81 is divided by k.
13
Let z(v) = -6*v**2 + 61*v - 20. What is the remainder when z(9) is divided by 6?
1
Suppose 10*v - 658 = 22. Calculate the remainder when v is divided by 42.
26
Let p(d) = -d**3 - 10*d**2 + 9*d - 15. Let l be p(-11). Let s = l + -5. Suppose s*f - 16 - 18 = 0. What is the remainder when 48 is divided by f?
14
Let d(a) = a**3 + a. Suppose -3*m + 2*w = 2, -2*m - 3*m = -3*w + 3. Let u be d(m). What is the remainder when (-3 - (u + -35)) + 2 is divided by 12?
10
Suppose 9*l = 6*l + 42. What is the remainder when 24 is divided by l?
10
Let n(k) = k + 37. Calculate the remainder when 141 is divided by n(-1).
33
Suppose -5*z = 19 - 109. What is the remainder when z is divided by 8?
2
Let r(t) = -t**3 + 5*t**2 + 2*t + 1. Suppose -6*a + 20 = -a. Suppose -791*i = -795*i + 28. What is the remainder when r(a) is divided by i?
4
Let h be ((-45)/(-5 - -2))/1. Suppose 16*d - 18 = h*d. Let m = d + 37. Calculate the remainder when m is divided by 19.
17
Suppose u = 32 + 13. What is the remainder when (2 + 1 - 294/70)/((-60)/8900) is divided by u?
43
Suppose 5*h = -5*f, 2 + 3 = 2*f + 3*h. Let n = f + 22. Suppose 2*d - 81 = -0*q - 3*q, -3*q - 117 = -4*d. Calculate the remainder when d is divided by n.
16
Let m(q) = 2*q**3 - 1 - q**3 + 36*q - 6 - 35*q - 5*q**2. Let j be m(5). Calculate the remainder when 62 is divided by (1/j)/(21/(-672)).
14
Let b = 742 - 735. Calculate the remainder when 459 is divided by b.
4
Let o(w) = 10*w**3 + 2*w**2 - w + 2. Let a(y) = -7*y**3 - y**2 + y - 1. Let j(k) = -7*a(k) - 5*o(k). What is the remainder when 10 is divided by j(-3)?
1
Let d = 32 + -42. Let x be (-40)/(-4)*(-4)/d. Suppose 4*n + x*h = 3*n - 12, 4*h + 4 = -2*n. Calculate the remainder when 12 is divided by n.
4
Let z(k) = -4*k - 11. Let f = -252 - -55. Let g = -50 - f. What is the remainder when g is divided by z(-12)?
36
Let d(z) = 2*z**2 + 20*z + 18. Let h = -50 + 40. Calculate the remainder when d(h) is divided by 5.
3
Let a(b) = 8*b + 96. Let d be a(-6). Let u(q) = 2*q. Let p be u(-1). Calculate the remainder when d/(-60)*105/p is divided by 11.
9
Suppose -2610 = -0*n - 5*n. Calculate the remainder when n/10 + (-1)/5 is divided by 18.
16
Let l(u) = 79*u**2 - 6*u. What is the remainder when l(-1) is divided by 34?
17
Suppose 36*y + 667 = 65*y. What is the remainder when 27 is divided by y?
4
Let j = 9 + -9. Suppose 4 = -2*h - j*h. What is the remainder when 27 is divided by (-22)/h - (-1 + 2)?
7
Suppose -595*h + 592*h + 357 = 0. What is the remainder when h is divided by 30?
29
Suppose -25*z + 1200 - 50 = 0. Let g(t) = -t**3 + 18*t**2 + 7*t + 8. Calculate the remainder when g(18) is divided by z.
42
Let c = -9 - -19. Let i = 2157 - 2128. What is the remainder when i is divided by c?
9
Suppose -41 + 110 = 3*v. Suppose 31 + 170 = 3*j. What is the remainder when j is divided by v?
21
Let y(j) = -j**2 - 8*j - 4. Let f be y(-7). Suppose 6*r = f*r - 48. Calculate the remainder when 42 is divided by r + 17 + (1 - -20).
20
Let j = -11 + 18. Suppose 5*b + 3*i - 73 = 117, 0 = -3*i - 15. Suppose b = 2*k - 13. What is the remainder when k is divided by j?
6
Suppose -5*d + 18 = -15*o + 14*o, -d - o = 0. Let u = 14 - 2. What is the remainder when u is divided by d?
0
Let j(x) be the first derivative of x**4/4 + 7*x**3/3 + x**2 - 2*x - 2. Calculate the remainder when j(-3) is divided by ((-10)/(-4))/((-3)/(-18)).
13
Suppose j - 4*z - 100 - 9 = 0, -z + 436 = 4*j. Calculate the remainder when j is divided by 50.
9
Suppose -5*s = -4*f - 1577, -3*s - 2*f + 930 = f. Suppose 4*q + 890 = -2*b, -4*q = -q - 3*b + 645. Let a = q + s. What is the remainder when a is divided by 24?
21
What is the remainder when 2911 is divided by (9 - 16) + 14/1 + 45?
51
Let o(r) = 16 + 3*r - 5*r + r. Let q be o(11). Suppose -4*g - 96 = -2*s + 90, 0 = q*g - 20. Calculate the remainder when s is divided by 34.
33
Suppose 3*y - 193 + 55 = -3*s, 5*s - 185 = 4*y. What is the remainder when 203 is divided by s?
39
Let t be ((2 + -3 - -1)/(-1))/(-3). Suppose t = w + 2*w - 129. What is the remainder when w is divided by 9?
7
What is the remainder when 188 is divided by (-1)/(((-110)/510)/11)?
35
Let q(d) = -2*d**2 + 29*d + 22. What is the remainder when 205 is divided by q(14)?
25
Let b(i) = 2*i**3 + 2*i. Let d be b(2). Let p = d - 15. Suppose g + 3*y + 3 = -7, 2*g + p*y = -15. Calculate the remainder when g is divided by 4.
1
Suppose 3*g - 48 = -0*g. Let h = 3464 - 3406. Calculate the remainder when h is divided by g.
10
Let x(m) = m**3 - 13*m**2 + 14*m - 24. Let y be x(12). Suppose y = -7*b + 44 + 26. What is the remainder when 19 is divided by b?
9
Let i(s) = -35*s + 2. Let m be 0/(3 + -1) - 2. Calculate the remainder when i(m) is divided by -7 - (4/7 - 456/14).
22
Let v(x) = 11*x + 2. Suppose 0*s - 3*s + 147 = 0. Calculate the remainder when s is divided by v(1).
10
Suppose -2*r - 27 = -d + 11, -4*r + 14 = d. Calculate the remainder when d is divided by 66/4 - (-4)/8.
13
Let d(g) = 4*g**3 + 3*g**2 + 6*g - 11. Calculate the remainder when d(2) is divided by 16.
13
Let m(x) = -x**2 + 7*x + 3. Let b be m(6). Suppose -10 - 2 = -y. What is the remainder when 16 is divided by (-9)/(b/y*-2)?
4
Suppose -3 = -k, -k - 3 = 5*v - 66. Calculate the remainder when 83 is divided by (6/v)/(1/34).
15
Suppose 6*t - 48 = 3*t. Let h(l) = l + 4. What is the remainder when t is divided by h(5)?
7
Let q = -4 + 7. Suppose -q*p = -p - 70. What is the remainder when (4/(-6))/(28/(-5754)) is divided by p?
32
Let u = -389 - -416. What is the remainder when 269 is divided by u?
26
Calculate the remainder when (-10)/(-25) + (-5)/(75/(-13014)) is divided by 97.
92
Let k(i) = 2*i**3 - 17*i**2 + 102*i - 150. Let z = 141 + -84. What is the remainder when k(6) is divided by z?
54
Let l(f) = f**2 - 3*f + 2. Suppose 5*g = 0, -2 = -2*s - g - 0. Calculate the remainder when (18/45)/(s/115) is divided by l(5).
10
Let d(s) = s**3 + s**2 - 5*s + 3. Suppose -2*u + 30 = 4. Calculate the remainder when d(3) is divided by u.
11
Suppose -185 = -7*q + 221. Calculate the remainder when q is divided by 45.
13
Suppose 8*u + 6*u = 182. What is the remainder when 31 is divided by (-6)/(-9)*-3 + (u - 0)?
9
Suppose 168 = b + 2*b. Suppose q - 14 = -h, 3*q + 5*h = -14 + b. Let z(y) = -y + 34. Calculate the remainder when z(8) is divided by q.
12
Let u = 653 - 556. Calculate the remainder when u is divided by 21.
13
Let w = -863 - -885. Calculate the remainder when 175 is divided by w.
21
Let p = 1750 + -1694. Let d(c) = 11*c**2 - 1. What is the remainder when p is divided by d(1)?
6
Let g = -51 - -11. What is the remainder when (-16)/g - (-173)/5 is divided by 13?
9
Let t(y) = y**2 - 7*y - 2. Let d be t(8). Suppose o = -3*n + 9